{"id":1420,"date":"2016-10-03T21:18:54","date_gmt":"2016-10-03T19:18:54","guid":{"rendered":"http:\/\/www.sk-kesl-ryu.cz\/?page_id=1420"},"modified":"2026-03-04T06:04:30","modified_gmt":"2026-03-04T05:04:30","slug":"nejlepsi-karateka","status":"publish","type":"page","link":"https:\/\/www.sk-kesl-ryu.cz\/index.php\/hlavni-stranka\/nejlepsi-karateka\/","title":{"rendered":"Nejlep\u0161\u00ed karateka"},"content":{"rendered":"<p style=\"text-align: justify;\"><span lang=\"EN-US\">V\u017edy, kdy\u017e se bav\u00edme, pro\u010d se ka\u017edoro\u010dn\u011b po ve\u010derech tr\u00e1p\u00edm s tabulkami a hodnocen\u00edmi t\u011bch nejlep\u0161\u00edch, mohu \u0159\u00edct jen toto: Jak u\u017e bylo mnohokr\u00e1t vysv\u011btlov\u00e1no, celoro\u010dn\u00ed sout\u011b\u017e na\u0161eho klubu \u201cNejlep\u0161\u00ed karateka\u201d nen\u00ed jen o vyhla\u0161ov\u00e1n\u00ed nejlep\u0161\u00edho sportovce, kter\u00fd m\u00e1 svoji odm\u011bnu i v poh\u00e1rech a medail\u00edch, ani z tohoto titulu neplyne \u017e\u00e1dn\u00fd finan\u010dn\u00ed prosp\u011bch. Nejlep\u0161\u00ed karateka pom\u00e1h\u00e1 vytv\u00e1\u0159et ruku v ruce i co nejlep\u0161\u00ed jm\u00e9no na\u0161eho klubu.<\/span><\/p>\n<p style=\"text-align: justify;\"><span lang=\"EN-US\">Mimo bodov\u00e9ho zisku za sout\u011b\u017en\u00ed \u00fasp\u011bchy se p\u0159id\u011bluj\u00ed body i za dobrou doch\u00e1zku, aktivitu p\u0159i tr\u00e9ninc\u00edch, zapojen\u00ed se do po\u0159\u00e1d\u00e1n\u00ed sout\u011b\u017e\u00ed, pomoc sv\u00e9mu klubu i jeho \u010dlen\u016fm. Zkr\u00e1tka nejlep\u0161\u00ed karateka je ten, kter\u00fd vybo\u010duje z \u201enorm\u00e1lu\u201c dne\u0161n\u00ed doby, a je nejen v\u00fdborn\u00fdm sportovcem, ale sou\u010dasn\u011b \u010dlov\u011bkem, kter\u00fd netrp\u00ed sebest\u0159ednost\u00ed. Je j\u00edm n\u011bkdo, komu nejsou ciz\u00ed z\u00e1kladn\u00ed charakteristick\u00e9 rysy samuraje. Ti mlad\u0161\u00ed sice zat\u00edm mor\u00e1ln\u00ed vlastnosti je\u0161t\u011b \u00fapln\u011b nepochytili, ale hodnot\u00ed se u nich kompletn\u00ed p\u0159\u00edstup ke sv\u00e9mu klubu jako sportovce.<\/span><\/p>\n<p style=\"text-align: justify;\"><span lang=\"EN-US\">Pokud n\u00e1s \u00fapln\u011b nepohltilo materi\u00e1ln\u00ed manipulov\u00e1n\u00ed lidsk\u00e9ho my\u0161len\u00ed po cel\u00e9m sv\u011bt\u011b, tabulka nejlep\u0161\u00ed karateka je pro n\u00e1s tou nejlep\u0161\u00ed vizitkou na\u0161eho j\u00e1, alespo\u0148 v&nbsp;tom karatistick\u00e9m sv\u011bt\u011b.<\/span><\/p>\n<hr>\n<p>NEJLE\u0160P\u0160\u00cd KARATEKA 2025<\/p>\n<p>&nbsp;<\/p>\n<p><a href=\"http:\/\/www.sk-kesl-ryu.cz\/wp-content\/uploads\/2026\/03\/Snimek-obrazovky-2026-03-03-v-205636.jpg\"><img loading=\"lazy\" decoding=\"async\" class=\"alignnone wp-image-7515 size-large\" src=\"http:\/\/www.sk-kesl-ryu.cz\/wp-content\/uploads\/2026\/03\/Snimek-obrazovky-2026-03-03-v-205636-1024x524.jpg\" alt=\"\" width=\"800\" height=\"409\" srcset=\"https:\/\/www.sk-kesl-ryu.cz\/wp-content\/uploads\/2026\/03\/Snimek-obrazovky-2026-03-03-v-205636-1024x524.jpg 1024w, https:\/\/www.sk-kesl-ryu.cz\/wp-content\/uploads\/2026\/03\/Snimek-obrazovky-2026-03-03-v-205636-300x154.jpg 300w, https:\/\/www.sk-kesl-ryu.cz\/wp-content\/uploads\/2026\/03\/Snimek-obrazovky-2026-03-03-v-205636-768x393.jpg 768w, https:\/\/www.sk-kesl-ryu.cz\/wp-content\/uploads\/2026\/03\/Snimek-obrazovky-2026-03-03-v-205636.jpg 1455w\" sizes=\"auto, (max-width: 800px) 100vw, 800px\" \/><\/a><\/p>\n<div class=\"-wm-x11i5rnm -wm-xat24cr -wm-x1mh8g0r -wm-x1vvkbs -wm-xdj266r -wm-x126k92a\">&nbsp;<\/div>\n<p>&nbsp;<\/p>\n<p>&nbsp;<\/p>\n<p>&nbsp;<\/p>\n","protected":false},"excerpt":{"rendered":"<p>V\u017edy, kdy\u017e se bav\u00edme, pro\u010d se ka\u017edoro\u010dn\u011b po ve\u010derech tr\u00e1p\u00edm s tabulkami a hodnocen\u00edmi t\u011bch nejlep\u0161\u00edch, mohu \u0159\u00edct jen toto:<\/p>\n","protected":false},"author":4,"featured_media":0,"parent":4,"menu_order":0,"comment_status":"closed","ping_status":"closed","template":"","meta":{"colormag_page_container_layout":"default_layout","colormag_page_sidebar_layout":"default_layout","ngg_post_thumbnail":0,"footnotes":""},"class_list":["post-1420","page","type-page","status-publish","hentry"],"_links":{"self":[{"href":"https:\/\/www.sk-kesl-ryu.cz\/index.php\/wp-json\/wp\/v2\/pages\/1420","targetHints":{"allow":["GET"]}}],"collection":[{"href":"https:\/\/www.sk-kesl-ryu.cz\/index.php\/wp-json\/wp\/v2\/pages"}],"about":[{"href":"https:\/\/www.sk-kesl-ryu.cz\/index.php\/wp-json\/wp\/v2\/types\/page"}],"author":[{"embeddable":true,"href":"https:\/\/www.sk-kesl-ryu.cz\/index.php\/wp-json\/wp\/v2\/users\/4"}],"replies":[{"embeddable":true,"href":"https:\/\/www.sk-kesl-ryu.cz\/index.php\/wp-json\/wp\/v2\/comments?post=1420"}],"version-history":[{"count":44,"href":"https:\/\/www.sk-kesl-ryu.cz\/index.php\/wp-json\/wp\/v2\/pages\/1420\/revisions"}],"predecessor-version":[{"id":7517,"href":"https:\/\/www.sk-kesl-ryu.cz\/index.php\/wp-json\/wp\/v2\/pages\/1420\/revisions\/7517"}],"up":[{"embeddable":true,"href":"https:\/\/www.sk-kesl-ryu.cz\/index.php\/wp-json\/wp\/v2\/pages\/4"}],"wp:attachment":[{"href":"https:\/\/www.sk-kesl-ryu.cz\/index.php\/wp-json\/wp\/v2\/media?parent=1420"}],"curies":[{"name":"wp","href":"https:\/\/api.w.org\/{rel}","templated":true}]}}