{"id":1814,"date":"2016-11-17T15:47:46","date_gmt":"2016-11-17T14:47:46","guid":{"rendered":"http:\/\/www.sk-kesl-ryu.cz\/?page_id=1814"},"modified":"2023-08-07T19:05:57","modified_gmt":"2023-08-07T17:05:57","slug":"foto-2010","status":"publish","type":"page","link":"https:\/\/www.sk-kesl-ryu.cz\/index.php\/galerie\/foto-2010\/","title":{"rendered":"Foto 2010-2015"},"content":{"rendered":"<div class='content-column one_third'>Camp Danny 2010<br \/>\n<a href=\" http:\/\/www.sk-kesl-ryu.cz\/index.php\/camp-danny-2010\/\"><img loading=\"lazy\" decoding=\"async\" class=\"alignnone wp-image-4188 size-thumbnail\" src=\"http:\/\/www.sk-kesl-ryu.cz\/wp-content\/uploads\/2016\/11\/IMG_3713-150x150.jpg\" alt=\"\" width=\"150\" height=\"150\"><br \/>\n<\/a><\/p><\/div>\n<div class='content-column one_third'>Letn\u00ed Camp 2013<br \/>\n<a href=\"http:\/\/www.sk-kesl-ryu.cz\/index.php\/letni-camp-2013\/\"><img loading=\"lazy\" decoding=\"async\" class=\"alignnone wp-image-4259 size-thumbnail\" src=\"http:\/\/www.sk-kesl-ryu.cz\/wp-content\/uploads\/2016\/11\/camp-2013-001-150x150.jpg\" alt=\"\" width=\"150\" height=\"150\"><\/a><\/p><\/div>\n<div class='content-column one_third last_column'>P\u0159ebor Prahy 2014<br \/>\n<a href=\"http:\/\/www.sk-kesl-ryu.cz\/index.php\/prebor-prahy-2014\/\"><img loading=\"lazy\" decoding=\"async\" class=\"alignnone wp-image-533 size-thumbnail\" src=\"http:\/\/www.sk-kesl-ryu.cz\/wp-content\/uploads\/2016\/10\/DSC_0229-150x150.jpg\" alt=\"dsc_0229\" width=\"150\" height=\"150\"><\/a><\/p><\/div><div class='clear_column'><\/div>\n<hr>\n<div class='content-column one_third'>Zimn\u00ed soust\u0159ed\u011bn\u00ed 2014<br \/>\n<a href=\"http:\/\/www.sk-kesl-ryu.cz\/index.php\/zimni-soustredeni-2014\/\"><img loading=\"lazy\" decoding=\"async\" class=\"alignnone wp-image-534 size-thumbnail\" src=\"http:\/\/www.sk-kesl-ryu.cz\/wp-content\/uploads\/2016\/10\/030-150x150.jpg\" alt=\"030\" width=\"150\" height=\"150\"><\/a><\/p><\/div>\n<div class='content-column one_third'>GM Danny Hazan 2014<br \/>\n<a href=\"http:\/\/www.sk-kesl-ryu.cz\/index.php\/gm-danny-hazan-2014\/\"><img loading=\"lazy\" decoding=\"async\" class=\"alignnone wp-image-223 size-thumbnail\" src=\"http:\/\/www.sk-kesl-ryu.cz\/wp-content\/uploads\/2016\/09\/DSC_2633-150x150.jpg\" alt=\"dsc_2633\" width=\"150\" height=\"150\"><\/a><\/p><\/div>\n<div class='content-column one_third last_column'>Letn\u00ed Soust\u0159ed\u011bn\u00ed 2014<br \/>\n<a href=\"http:\/\/www.sk-kesl-ryu.cz\/index.php\/letni-camp-2014\/\"><img loading=\"lazy\" decoding=\"async\" class=\"alignnone wp-image-4180 size-thumbnail\" src=\"http:\/\/www.sk-kesl-ryu.cz\/wp-content\/uploads\/2017\/06\/camp-l\u00e9to-2014-02-149-150x150.jpg\" alt=\"\" width=\"150\" height=\"150\"><br \/>\n<\/a><\/p><\/div><div class='clear_column'><\/div>\n<hr>\n<div class='content-column one_third'>Semin\u00e1\u0159 Praha 2015<\/p>\n<p><a href=\"http:\/\/www.sk-kesl-ryu.cz\/index.php\/seminar-praha-2015\/\"><img loading=\"lazy\" decoding=\"async\" class=\"alignnone wp-image-1396 size-thumbnail\" src=\"http:\/\/www.sk-kesl-ryu.cz\/wp-content\/uploads\/2016\/10\/DSC_6949-150x150.jpg\" alt=\"dsc_6949\" width=\"150\" height=\"150\"><\/a><\/p><\/div>\n<div class='content-column one_third'>Narozeninov\u00fd camp 2015<\/p>\n<p><a href=\"http:\/\/www.sk-kesl-ryu.cz\/index.php\/radostin-kveten-2015\/\"><img loading=\"lazy\" decoding=\"async\" class=\"alignnone wp-image-1397 size-thumbnail\" src=\"http:\/\/www.sk-kesl-ryu.cz\/wp-content\/uploads\/2016\/10\/DSC_1032-150x150.jpg\" alt=\"dsc_1032\" width=\"150\" height=\"150\"><\/a><\/p><\/div>\n<div class='content-column one_third last_column'>Soust\u0159ed\u011bn\u00ed Radost\u00edn l\u00e9to 2015<\/p>\n<p><a href=\"http:\/\/www.sk-kesl-ryu.cz\/index.php\/soustredeni-radostin-leto\/\"><img loading=\"lazy\" decoding=\"async\" class=\"alignnone wp-image-1395 size-thumbnail\" src=\"http:\/\/www.sk-kesl-ryu.cz\/wp-content\/uploads\/2016\/10\/DSC_2739-150x150.jpg\" alt=\"dsc_2739\" width=\"150\" height=\"150\"><\/a><\/p><\/div><div class='clear_column'><\/div>\n<hr>\n<div class='content-column one_third'>MS UWK Slovinsko 2015<\/p>\n<p><a href=\"http:\/\/www.sk-kesl-ryu.cz\/index.php\/ms-uwk-slovinsko-2015\/\"><img loading=\"lazy\" decoding=\"async\" class=\"alignnone wp-image-1999 size-thumbnail\" src=\"http:\/\/www.sk-kesl-ryu.cz\/wp-content\/uploads\/2016\/10\/20151018_204307-150x150.jpg\" alt=\"20151018_204307\" width=\"150\" height=\"150\"><\/a><\/p><\/div>\n<div class='content-column one_third'>Zimn\u00ed Camp 2015&nbsp;<\/p>\n<p><a href=\"http:\/\/www.sk-kesl-ryu.cz\/index.php\/zimni-camp-2015\/\"><img loading=\"lazy\" decoding=\"async\" class=\"alignnone wp-image-4193 size-thumbnail\" src=\"http:\/\/www.sk-kesl-ryu.cz\/wp-content\/uploads\/2016\/10\/DSC1-150x150.jpg\" alt=\"\" width=\"150\" height=\"150\"><\/a><a href=\"http:\/\/www.sk-kesl-ryu.cz\/index.php\/zimni-camp-2015\/\"><br \/>\n<\/a><\/div>\n<p>&nbsp;<\/p>\n","protected":false},"excerpt":{"rendered":"<p>&nbsp;<\/p>\n","protected":false},"author":1,"featured_media":0,"parent":328,"menu_order":0,"comment_status":"closed","ping_status":"closed","template":"","meta":{"colormag_page_container_layout":"default_layout","colormag_page_sidebar_layout":"default_layout","ngg_post_thumbnail":0,"footnotes":""},"class_list":["post-1814","page","type-page","status-publish","hentry"],"_links":{"self":[{"href":"https:\/\/www.sk-kesl-ryu.cz\/index.php\/wp-json\/wp\/v2\/pages\/1814","targetHints":{"allow":["GET"]}}],"collection":[{"href":"https:\/\/www.sk-kesl-ryu.cz\/index.php\/wp-json\/wp\/v2\/pages"}],"about":[{"href":"https:\/\/www.sk-kesl-ryu.cz\/index.php\/wp-json\/wp\/v2\/types\/page"}],"author":[{"embeddable":true,"href":"https:\/\/www.sk-kesl-ryu.cz\/index.php\/wp-json\/wp\/v2\/users\/1"}],"replies":[{"embeddable":true,"href":"https:\/\/www.sk-kesl-ryu.cz\/index.php\/wp-json\/wp\/v2\/comments?post=1814"}],"version-history":[{"count":10,"href":"https:\/\/www.sk-kesl-ryu.cz\/index.php\/wp-json\/wp\/v2\/pages\/1814\/revisions"}],"predecessor-version":[{"id":6911,"href":"https:\/\/www.sk-kesl-ryu.cz\/index.php\/wp-json\/wp\/v2\/pages\/1814\/revisions\/6911"}],"up":[{"embeddable":true,"href":"https:\/\/www.sk-kesl-ryu.cz\/index.php\/wp-json\/wp\/v2\/pages\/328"}],"wp:attachment":[{"href":"https:\/\/www.sk-kesl-ryu.cz\/index.php\/wp-json\/wp\/v2\/media?parent=1814"}],"curies":[{"name":"wp","href":"https:\/\/api.w.org\/{rel}","templated":true}]}}