{"id":4,"date":"2016-09-09T19:06:54","date_gmt":"2016-09-09T17:06:54","guid":{"rendered":"http:\/\/www.sk-kesl-ryu.cz\/new\/?page_id=4"},"modified":"2018-06-22T19:07:59","modified_gmt":"2018-06-22T17:07:59","slug":"hlavni-stranka","status":"publish","type":"page","link":"https:\/\/www.sk-kesl-ryu.cz\/","title":{"rendered":"O klubu"},"content":{"rendered":"<p style=\"text-align: justify;\">P\u0159edstavujeme V\u00e1m jeden z nej\u00fasp\u011b\u0161n\u011bj\u0161\u00edch sportovn\u00edch klub\u016f Karate v \u010cesk\u00e9 republice. Sportovn\u00ed klub byl zalo\u017een roku 1993, ale v\u00edcem\u00e9n\u011b se jedn\u00e1 o pokra\u010dov\u00e1n\u00ed cesty Karate stejn\u00fdch mistr\u016f, kte\u0159\u00ed se pod\u00edleli p\u0159ed zalo\u017een\u00edm SK Kesl Ryu na veden\u00ed odd\u00edl\u016f Karate TJ Uheln\u00e9 sklady a TJ Pankr\u00e1c, prakticky od roku 1982. SK Kesl Ryu&nbsp;se prioritn\u011b zam\u011b\u0159uje od sv\u00e9ho zalo\u017een\u00ed na v\u00fdchovu a vyu\u017eit\u00ed voln\u00e9ho \u010dasu v\u0161ech, kte\u0159\u00ed maj\u00ed z\u00e1jem kr\u00e1\u010det cestou mistr\u016f bojov\u00fdch um\u011bn\u00ed d\u00e1ln\u00e9ho v\u00fdchodu, pochopit smysl t\u00e9to cesty a sou\u010dasn\u011b provozovat sportovn\u00ed Karate na \u0161pi\u010dkov\u00e9 \u00farovni, kter\u00e9 je ned\u00edlnou sou\u010d\u00e1st\u00ed t\u00e9to cesty Karate Do.<\/p>\n<h5 style=\"text-align: justify;\">&nbsp;&nbsp;<img loading=\"lazy\" decoding=\"async\" class=\"alignnone wp-image-3096 size-full\" src=\"http:\/\/www.sk-kesl-ryu.cz\/wp-content\/uploads\/2017\/03\/Kesl-Ryu.jpg\" alt=\"\" width=\"950\" height=\"600\" srcset=\"https:\/\/www.sk-kesl-ryu.cz\/wp-content\/uploads\/2017\/03\/Kesl-Ryu.jpg 950w, https:\/\/www.sk-kesl-ryu.cz\/wp-content\/uploads\/2017\/03\/Kesl-Ryu-300x189.jpg 300w, https:\/\/www.sk-kesl-ryu.cz\/wp-content\/uploads\/2017\/03\/Kesl-Ryu-768x485.jpg 768w\" sizes=\"auto, (max-width: 950px) 100vw, 950px\" \/><\/h5>\n<h6 style=\"text-align: justify;\">Sou\u010d\u00e1st\u00ed v\u00fduky v na\u0161em sportovn\u00edm klubu je:<\/h6>\n<p style=\"text-align: left;\"><strong>Sportovn\u00ed Karate<\/strong><br \/>\nKata a Kumite &#8211; pro za\u010d\u00e1te\u010dn\u00edky, pokro\u010dil\u00e9 i \u0161pi\u010dkov\u00e9 z\u00e1vodn\u00edky.<\/p>\n<p style=\"text-align: justify;\"><strong>Saishokido<\/strong><br \/>\nN\u00e1\u0161 sportovn\u00ed klub, jako jedin\u00fd v \u010cesk\u00e9 republice, vyu\u010duje styl SAISHOKIDO &#8211; ultim\u00e1tn\u00ed z\u00e1pas s vyu\u017eit\u00edm Shotokan Karate, Kyokushinkai Karate, Krav maga &#8211; AIKMA, Judo, Kickbox, Aikido, Jiu Jitsu a podobn\u00fdch styl\u016f, vhodn\u00e9 zvl\u00e1\u0161t\u011b pro sebeobranu.<\/p>\n<p><strong>Kobudo<\/strong><br \/>\nV\u00fdcvik se zbran\u011bmi d\u00e1ln\u00e9ho v\u00fdchodu &#8211; Bo, Sai, Tonfa, Kama, Nunchaku apod.<\/p>\n<p style=\"text-align: justify;\"><strong>Dopl\u0148kov\u00e9 programy<\/strong><br \/>\nProgramy pro dopl\u0148kov\u00e9 cvi\u010den\u00ed k bojov\u00fdm sport\u016fm ve fitness, cvi\u010den\u00ed cardio fighting a kruhov\u00e9 tr\u00e9ninky. D\u00e1le prov\u00e1d\u00edme zkou\u0161ky na STV Kyu &#8211; Dan zku\u0161ebn\u00edm komisa\u0159em prvn\u00ed t\u0159\u00eddy \u010cSKe, pravideln\u00e9 t\u00fddenn\u00ed a \u010dtrn\u00e1ctidenn\u00ed sportovn\u00ed akce doma i v zahrani\u010d\u00ed, semin\u00e1\u0159e Kata, Kumite a Saishokido, v\u0161e pod veden\u00edm mistr\u016f Karate a profesion\u00e1ln\u00edch instruktor\u016f.<\/p>\n<h6 style=\"text-align: justify;\">&nbsp;&nbsp;<\/h6>\n<h6 style=\"text-align: justify;\">Hlavn\u00edm tren\u00e9rem a p\u0159edsedou je:<\/h6>\n<p style=\"text-align: justify;\"><strong>Grand Master <img loading=\"lazy\" decoding=\"async\" class=\"size-medium wp-image-62 alignleft\" src=\"http:\/\/www.sk-kesl-ryu.cz\/wp-content\/uploads\/2016\/09\/shihan-karel-kesl-205x300.jpg\" alt=\"shihan-karel-kesl\" width=\"205\" height=\"300\" srcset=\"https:\/\/www.sk-kesl-ryu.cz\/wp-content\/uploads\/2016\/09\/shihan-karel-kesl-205x300.jpg 205w, https:\/\/www.sk-kesl-ryu.cz\/wp-content\/uploads\/2016\/09\/shihan-karel-kesl.jpg 437w\" sizes=\"auto, (max-width: 205px) 100vw, 205px\" \/>Karel Kesl 9th Dan<\/strong><\/p>\n<ul>\n<li style=\"text-align: justify;\">P\u0159edseda Pra\u017esk\u00e9ho svazu karate<\/li>\n<li style=\"text-align: justify;\">P\u0159edseda rady reprezentace \u010cesk\u00e9 Asociace Budo Karate<br \/>\na garant stylu Shotokan pro \u010cABK<\/li>\n<li style=\"text-align: justify;\">V\u00edceprezident Saishokido Fight Academy<\/li>\n<li style=\"text-align: justify;\">\u010clen VV \u010cSKe<\/li>\n<li style=\"text-align: justify;\">Zku\u0161ebn\u00ed komisa\u0159 \u010cSKe I.t\u0159\u00eddy<\/li>\n<li style=\"text-align: justify;\">Tren\u00e9r st\u00e1tn\u00ed reprezentace \u010cSKe v letech 1995 &#8211; 1997<\/li>\n<li style=\"text-align: justify;\">Tren\u00e9r II. t\u0159\u00eddy<\/li>\n<li style=\"text-align: justify;\">Dvojn\u00e1sobn\u00fd mistr sv\u011bta, mistr Evropy,&nbsp;p\u011btin\u00e1sobn\u00fd mistr \u010cR<\/li>\n<li style=\"text-align: justify;\">Karate se v\u011bnuje od roku 1980.<\/li>\n<\/ul>\n","protected":false},"excerpt":{"rendered":"<p>P\u0159edstavujeme V\u00e1m jeden z nej\u00fasp\u011b\u0161n\u011bj\u0161\u00edch sportovn\u00edch klub\u016f Karate v \u010cesk\u00e9 republice. Sportovn\u00ed klub byl zalo\u017een roku 1993, ale v\u00edcem\u00e9n\u011b se<\/p>\n","protected":false},"author":1,"featured_media":0,"parent":0,"menu_order":0,"comment_status":"closed","ping_status":"closed","template":"","meta":{"colormag_page_container_layout":"default_layout","colormag_page_sidebar_layout":"default_layout","ngg_post_thumbnail":0,"footnotes":""},"class_list":["post-4","page","type-page","status-publish","hentry"],"_links":{"self":[{"href":"https:\/\/www.sk-kesl-ryu.cz\/index.php\/wp-json\/wp\/v2\/pages\/4","targetHints":{"allow":["GET"]}}],"collection":[{"href":"https:\/\/www.sk-kesl-ryu.cz\/index.php\/wp-json\/wp\/v2\/pages"}],"about":[{"href":"https:\/\/www.sk-kesl-ryu.cz\/index.php\/wp-json\/wp\/v2\/types\/page"}],"author":[{"embeddable":true,"href":"https:\/\/www.sk-kesl-ryu.cz\/index.php\/wp-json\/wp\/v2\/users\/1"}],"replies":[{"embeddable":true,"href":"https:\/\/www.sk-kesl-ryu.cz\/index.php\/wp-json\/wp\/v2\/comments?post=4"}],"version-history":[{"count":44,"href":"https:\/\/www.sk-kesl-ryu.cz\/index.php\/wp-json\/wp\/v2\/pages\/4\/revisions"}],"predecessor-version":[{"id":5470,"href":"https:\/\/www.sk-kesl-ryu.cz\/index.php\/wp-json\/wp\/v2\/pages\/4\/revisions\/5470"}],"wp:attachment":[{"href":"https:\/\/www.sk-kesl-ryu.cz\/index.php\/wp-json\/wp\/v2\/media?parent=4"}],"curies":[{"name":"wp","href":"https:\/\/api.w.org\/{rel}","templated":true}]}}